709 a factor of 2467798767?
True
Does 62 divide 96014782?
False
Is 12 a factor of 5047703340?
True
Is 93747194 a multiple of 218?
True
Is 168 a factor of 284424672?
True
Does 102 divide 95577978?
True
Is 150 a factor of 341329289?
False
Is 51419095 a multiple of 35?
True
Is 1766592 a multiple of 354?
False
Is 780911072 a multiple of 247?
False
Does 46 divide 1479774?
True
Is 8 a factor of 88649715?
False
Is 41 a factor of 38988622?
True
Does 360 divide 12377180?
False
Is 752 a factor of 970975632?
True
Is 222684224 a multiple of 34?
True
Is 935620592 a multiple of 971?
False
Is 8 a factor of 141687944?
True
Is 20058899 a multiple of 6?
False
Is 113 a factor of 82875330?
True
Is 577799904 a multiple of 3044?
True
Is 13 a factor of 767500617?
True
Is 22 a factor of 82040819?
False
Is 398 a factor of 1402987508?
False
Is 4213 a factor of 218949610?
True
Is 44086500 a multiple of 225?
True
Is 1315014032 a multiple of 2152?
True
Is 3195258486 a multiple of 69?
True
Is 472 a factor of 54386672?
True
Is 365 a factor of 1450331515?
True
Is 54 a factor of 1305598122?
True
Is 30 a factor of 250712255?
False
Does 746 divide 49244206?
True
Does 73 divide 643643411?
False
Is 8 a factor of 2210664761?
False
Does 36 divide 30784215?
False
Does 9101 divide 4715667674?
False
Does 11 divide 16390044?
True
Does 5 divide 107958536?
False
Does 1272 divide 222636888?
True
Is 3815550532 a multiple of 2291?
True
Does 12 divide 69279984?
True
Does 59 divide 30058789?
True
Does 114 divide 10881300?
True
Does 109 divide 122639783?
False
Does 3530 divide 6412707430?
True
Is 24538734 a multiple of 3597?
True
Is 106944024 a multiple of 196?
False
Does 2 divide 79096169?
False
Is 33 a factor of 16831043?
False
Is 1681 a factor of 897521098?
False
Is 135385920 a multiple of 1160?
True
Does 24 divide 30207792?
True
Does 260 divide 221183533?
False
Is 10875844 even?
True
Does 629 divide 2453797020?
False
Does 157 divide 881497095?
False
Is 32 a factor of 4719017088?
True
Is 109 a factor of 13016566?
False
Is 202781712 a multiple of 4336?
True
Is 41 a factor of 76931703?
True
Is 4531173900 a multiple of 4092?
True
Is 7 a factor of 71102626?
True
Is 30644970 a multiple of 16?
False
Does 117 divide 7907116?
False
Is 1417314307 a multiple of 9?
False
Is 53 a factor of 69212368?
False
Is 193617325 a multiple of 55?
True
Is 45405237 a multiple of 298?
False
Does 13 divide 43853372?
False
Is 91593430 a multiple of 553?
False
Does 57 divide 325017469?
False
Is 224028057 a multiple of 561?
True
Is 207657971 a multiple of 11?
False
Does 24 divide 322911876?
False
Does 959 divide 70399900?
False
Is 42997615 a multiple of 84?
False
Is 517 a factor of 103541141?
True
Is 28794335 a multiple of 83?
False
Is 16 a factor of 515072266?
False
Is 7515819 a multiple of 17?
True
Is 186 a factor of 1889263380?
True
Is 8075535 a multiple of 6?
False
Is 519 a factor of 72783522?
True
Does 5469 divide 100900439?
False
Does 196 divide 204151836?
True
Is 16558183 a multiple of 2047?
True
Does 5 divide 778546840?
True
Is 61831917 a multiple of 292?
False
Is 1970917085 a multiple of 20?
False
Is 15 a factor of 135260522?
False
Does 2 divide 3377223?
False
Is 50055901 a multiple of 133?
False
Does 64 divide 88590300?
False
Does 1360 divide 1967899740?
False
Does 9 divide 3704308?
False
Is 53851083 a multiple of 15?
False
Is 91840290 a multiple of 465?
True
Is 47002851 a multiple of 179?
False
Is 2886280032 a multiple of 4229?
False
Is 1933945034 a multiple of 7?
True
Does 12 divide 7535928?
True
Is 144 a factor of 345716496?
True
Is 30979754 a multiple of 172?
False
Does 26 divide 49601356?
False
Does 903 divide 22544298?
True
Does 10 divide 8673630?
True
Is 1390192867 a multiple of 337?
False
Does 178 divide 1076900?
True
Does 3152 divide 164039536?
True
Is 166 a factor of 118171758?
False
Is 20946222 a multiple of 394?
True
Does 3800 divide 63197800?
True
Does 73 divide 24530044?
True
Is 29 a factor of 2428245715?
False
Does 230 divide 8087281?
False
Does 4 divide 218220033?
False
Does 48 divide 7456080?
True
Is 116890885 a multiple of 1093?
True
Is 381 a factor of 63487914?
False
Is 511958399 a multiple of 59?
True
Does 4534 divide 6689743183?
False
Is 192986337 a multiple of 13?
False
Is 30182836 a multiple of 47?
True
Is 23 a factor of 12245294?
False
Is 55 a factor of 27965630?
True
Is 353705676 a multiple of 106?
True
Is 311911479 a multiple of 11?
True
Does 553 divide 5823090?
True
Is 2555 a factor of 36577242?
False
Does 422 divide 881384558?
True
Is 68 a factor of 4639193920?
True
Is 6087466350 a multiple of 17265?
True
Is 2480008 a multiple of 821?
False
Is 65025592 a multiple of 1258?
False
Is 3009 a factor of 31920352?
False
Is 7855074 a multiple of 3137?
False
Is 254620 a multiple of 20?
True
Is 36918855 a multiple of 20?
False
Is 20 a factor of 725351656?
False
Does 13 divide 389064571?
False
Is 38 a factor of 21716943?
False
Is 933821135 a multiple of 32?
False
Is 439 a factor of 694170046?
False
Is 2537162593 a multiple of 2270?
False
Does 28 divide 607360147?
False
Does 4349 divide 2840456179?
False
Does 15 divide 60565330?
False
Is 7624080009 a multiple of 63?
True
Does 1490 divide 54361160?
True
Is 6045535838 a multiple of 195?
False
Does 10922 divide 137138323?
False
Does 1282 divide 210999919?
False
Is 1762 a factor of 67195632?
True
Does 705 divide 586198763?
False
Does 733 divide 558742244?
False
Does 449 divide 368437169?
False
Is 223355083 a multiple of 365?
False
Is 64 a factor of 449541632?
True
Is 8874 a factor of 3350395973?
False
Is 47 a factor of 74690107?
False
Is 1235 a factor of 27547910?
True
Does 420 divide 604678050?
False
Does 94 divide 448172072?
True
Is 3682714 a multiple of 23?
True
Is 347 a factor of 19365513?
False
Is 13291093 a multiple of 697?
True
Does 320 divide 522856320?
True
Does 1049 divide 28492938?
True
Is 62 a factor of 14545513?
False
Is 1666 a factor of 12681669?
False
Is 139284129 a multiple of 87?
True
Is 304 a factor of 628195328?
True
Is 55 a factor of 3148750?
True
Does 629 divide 98873768?
True
Is 329 a factor of 78301342?
True
Does 8 divide 332240584?
True
Is 269 a factor of 94623886?
False
Is 1105 a factor of 527005440?
True
Is 119 a factor of 54137614?
False
Is 52890316 a multiple of 11?
False
Does 9 divide 13295439?
True
Is 61492860 a multiple of 468?
True
Is 11 a factor of 9200990?
False
Does 41 divide 369092038?
False
Is 183590267 a multiple of 536?
False
Is 1078664415 a multiple of 4107?
False
Does 32 divide 56216691?
False
Does 165 divide 27135570?
True
Does 8 divide 2769925984?
True
Is 45559418 a multiple of 2967?
False
Is 9 a factor of 15803151?
False
Does 11302 divide 1251086192?
True
Does 136 divide 1422643?
False
Does 11 divide 32989616?
True
Does 16 divide 48572144?
True
Does 97 divide 1003414874?
False
Is 68505512 a multiple of 68?
True
Does 25 divide 407940453?
False
Does 1837 divide 4131721616?
True
Does 5736 divide 132358200?
True
Is 36038044 a multiple of 7?
True
Is 33596889 a multiple of 75?
False
Is 107292983 a multiple of 7?
True
Is 117464952 a multiple of 1364?
True
Does 72 divide 50893776?
True
Is 19 a factor of 13672419?
True
Does 430 divide 215448060?
True
Does 31 divide 110767774?
True
Is 51567623 a multiple of 727?
False
Is 11931297 a multiple of 9?
False
Is 79562530 a multiple of 1154?
True
Is 64911776 a multiple of 16?
True
Is 643364568 a multiple of 13?
False
Does 574 divide 12553380?
True
Is 28 a factor of 41443060?
False
Is 354 a factor of 66180300?
True
Is 131744088 a multiple of 21?
True
Is 10 a factor of 8221570?
True
Is 13 a factor of 208161633?
False
Does 20 divide 234078860?
True
Does 113 divide 13063026?
True
Is 5 a factor of 36744795?
True
Does 217 divide 15074339?
True
Does 73 divide 28846215?
False
Does 1032 divide 1278261000?
True
Is 187450353 a multiple of 220?
False
Is 2471132756 a multiple of 1756?
True
Is 3747 a factor of 4502294031?
True
Is 3973505 a multiple of 1628?
False
Is 182239212 a multiple of 1146?
True
Is 1168 a factor of 390475803?
False
Does 4 divide 325333015?
False
Does 7 divide 154836346?
True
Is 196965944 a multiple of 56?
True
Does 955 divide 509561260?
True
Does 64 divide 45475648?
True
Does 1653 divide 627144894?
True
Does 29 divide 40604069?
False
Is 8299335 a multiple of 2